{"id":52,"date":"2019-02-04T23:02:49","date_gmt":"2019-02-04T23:02:49","guid":{"rendered":"http:\/\/marejadapolitica.com\/?page_id=52"},"modified":"2019-02-04T23:02:50","modified_gmt":"2019-02-04T23:02:50","slug":"nuestra-historia","status":"publish","type":"page","link":"https:\/\/marejadapolitica.com\/index.php\/nuestra-historia\/","title":{"rendered":"Nuestra Historia"},"content":{"rendered":"\n<p><strong>\u00bfQui\u00e9nes\nsomos? <\/strong><\/p>\n\n\n\n<p>Somos\nun rotativo que nace y se forma con la experiencia vivida en otros medios de\ncomunicaci\u00f3n como Exc\u00e9lsior, Heraldo de M\u00e9xico, Novedades; ah\u00ed nos toc\u00f3 ser\ncopart\u00edcipes en la redacci\u00f3n de notas, cuando todav\u00eda se enviaba la\ninformaci\u00f3n por fax o se dictaba por tel\u00e9fono con una llamada por cobrar con\noperadora de TELMEX; experimentamos la venta de peri\u00f3dico desde doblarlo y\ncompaginarlo hasta llevarlo a la venta\u201ca la voz del sonido en carro\u201d. Hoy, despu\u00e9s\nde haber conocido ese modo y estilo period\u00edstico nos atrevemos a\nemprender esta nueva aventura, con todo el conocimeinto del \u00e1rea, sin\nimprovisar, sin suponer, sin creer que la noticia llega sola. Estamos en la\ncima de las Tecnolog\u00edas de la Informaci\u00f3n y Comunicaci\u00f3n, hoy la noticia ya\nno tiene que esperar para comunicarse, para darse a conocer, hoy se ve y se\nescucha en el preciso momento que se vive y todav\u00eda lo que nos falta ver\u2026 <\/p>\n\n\n\n<p>Juntos,\ncon su anuencia y venia lograremos posicionarnos como el peri\u00f3dico\nnuevo de Michoac\u00e1n. Somos un medio de comunicaci\u00f3n abierto, que escucha, que\napoya, que lucha para que la libertad de expresi\u00f3n sea eso. \u201cMarejada\nPol\u00edtica de Michoac\u00e1n\u201d es un rotativo de edici\u00f3n impresa mensual y de\nactualizaci\u00f3n diaria en sus redes sociales y pagina web. Tenemos circulaci\u00f3n\ny presencia en las principales ciudades del estado. Gracias por vernos y\nleernos&#8230;el Cuarto poder en manos del pueblo&#8230; <strong>Mtro. Julio\nC\u00e9sar S\u00e1nchez Bucio <\/strong><\/p>\n\n\n\n<p><strong><em>DIRECTOR\nGENERAL <\/em><\/strong><\/p>\n","protected":false},"excerpt":{"rendered":"<p>\u00bfQui\u00e9nes somos? Somos un rotativo que nace y se forma con la experiencia vivida en otros medios de comunicaci\u00f3n como Exc\u00e9lsior, Heraldo de M\u00e9xico, Novedades; ah\u00ed nos toc\u00f3 ser copart\u00edcipes en la redacci\u00f3n de notas, cuando todav\u00eda se enviaba la informaci\u00f3n por fax o se dictaba por tel\u00e9fono con una llamada por cobrar con operadora [&hellip;]<\/p>\n","protected":false},"author":5,"featured_media":0,"parent":0,"menu_order":0,"comment_status":"closed","ping_status":"closed","template":"","meta":[],"yoast_head":"<!-- This site is optimized with the Yoast SEO plugin v20.5 - https:\/\/yoast.com\/wordpress\/plugins\/seo\/ -->\n<title>Nuestra Historia &ndash; Marejada Pol\u00edtica<\/title>\n<meta name=\"robots\" content=\"index, follow, max-snippet:-1, max-image-preview:large, max-video-preview:-1\" \/>\n<link rel=\"canonical\" href=\"https:\/\/marejadapolitica.com\/index.php\/nuestra-historia\/\" \/>\n<meta property=\"og:locale\" content=\"es_MX\" \/>\n<meta property=\"og:type\" content=\"article\" \/>\n<meta property=\"og:title\" content=\"Nuestra Historia &ndash; Marejada Pol\u00edtica\" \/>\n<meta property=\"og:description\" content=\"\u00bfQui\u00e9nes somos? Somos un rotativo que nace y se forma con la experiencia vivida en otros medios de comunicaci\u00f3n como Exc\u00e9lsior, Heraldo de M\u00e9xico, Novedades; ah\u00ed nos toc\u00f3 ser copart\u00edcipes en la redacci\u00f3n de notas, cuando todav\u00eda se enviaba la informaci\u00f3n por fax o se dictaba por tel\u00e9fono con una llamada por cobrar con operadora [&hellip;]\" \/>\n<meta property=\"og:url\" content=\"https:\/\/marejadapolitica.com\/index.php\/nuestra-historia\/\" \/>\n<meta property=\"og:site_name\" content=\"Marejada Pol\u00edtica\" \/>\n<meta property=\"article:publisher\" content=\"https:\/\/www.facebook.com\/marejadapolitica\/\" \/>\n<meta property=\"article:modified_time\" content=\"2019-02-04T23:02:50+00:00\" \/>\n<meta name=\"twitter:card\" content=\"summary_large_image\" \/>\n<meta name=\"twitter:site\" content=\"@marejadapolitic\" \/>\n<meta name=\"twitter:label1\" content=\"Tiempo de lectura\" \/>\n\t<meta name=\"twitter:data1\" content=\"1 minuto\" \/>\n<script type=\"application\/ld+json\" class=\"yoast-schema-graph\">{\"@context\":\"https:\/\/schema.org\",\"@graph\":[{\"@type\":\"WebPage\",\"@id\":\"https:\/\/marejadapolitica.com\/index.php\/nuestra-historia\/\",\"url\":\"https:\/\/marejadapolitica.com\/index.php\/nuestra-historia\/\",\"name\":\"Nuestra Historia &ndash; Marejada Pol\u00edtica\",\"isPartOf\":{\"@id\":\"https:\/\/marejadapolitica.com\/#website\"},\"datePublished\":\"2019-02-04T23:02:49+00:00\",\"dateModified\":\"2019-02-04T23:02:50+00:00\",\"breadcrumb\":{\"@id\":\"https:\/\/marejadapolitica.com\/index.php\/nuestra-historia\/#breadcrumb\"},\"inLanguage\":\"es-MX\",\"potentialAction\":[{\"@type\":\"ReadAction\",\"target\":[\"https:\/\/marejadapolitica.com\/index.php\/nuestra-historia\/\"]}]},{\"@type\":\"BreadcrumbList\",\"@id\":\"https:\/\/marejadapolitica.com\/index.php\/nuestra-historia\/#breadcrumb\",\"itemListElement\":[{\"@type\":\"ListItem\",\"position\":1,\"name\":\"Inicio\",\"item\":\"https:\/\/marejadapolitica.com\/\"},{\"@type\":\"ListItem\",\"position\":2,\"name\":\"Nuestra Historia\"}]},{\"@type\":\"WebSite\",\"@id\":\"https:\/\/marejadapolitica.com\/#website\",\"url\":\"https:\/\/marejadapolitica.com\/\",\"name\":\"Marejada Pol\u00edtica\",\"description\":\"El Cuarto Poder en Manos del Pueblo...\",\"publisher\":{\"@id\":\"https:\/\/marejadapolitica.com\/#organization\"},\"potentialAction\":[{\"@type\":\"SearchAction\",\"target\":{\"@type\":\"EntryPoint\",\"urlTemplate\":\"https:\/\/marejadapolitica.com\/?s={search_term_string}\"},\"query-input\":\"required name=search_term_string\"}],\"inLanguage\":\"es-MX\"},{\"@type\":\"Organization\",\"@id\":\"https:\/\/marejadapolitica.com\/#organization\",\"name\":\"Marejada Pol\u00edtica\",\"url\":\"https:\/\/marejadapolitica.com\/\",\"logo\":{\"@type\":\"ImageObject\",\"inLanguage\":\"es-MX\",\"@id\":\"https:\/\/marejadapolitica.com\/#\/schema\/logo\/image\/\",\"url\":\"https:\/\/marejadapolitica.com\/wp-content\/uploads\/2019\/02\/logo_web-1.png\",\"contentUrl\":\"https:\/\/marejadapolitica.com\/wp-content\/uploads\/2019\/02\/logo_web-1.png\",\"width\":380,\"height\":149,\"caption\":\"Marejada Pol\u00edtica\"},\"image\":{\"@id\":\"https:\/\/marejadapolitica.com\/#\/schema\/logo\/image\/\"},\"sameAs\":[\"https:\/\/www.facebook.com\/marejadapolitica\/\",\"https:\/\/twitter.com\/marejadapolitic\",\"https:\/\/www.instagram.com\/marejadapolitica\/\"]}]}<\/script>\n<!-- \/ Yoast SEO plugin. -->","yoast_head_json":{"title":"Nuestra Historia &ndash; Marejada Pol\u00edtica","robots":{"index":"index","follow":"follow","max-snippet":"max-snippet:-1","max-image-preview":"max-image-preview:large","max-video-preview":"max-video-preview:-1"},"canonical":"https:\/\/marejadapolitica.com\/index.php\/nuestra-historia\/","og_locale":"es_MX","og_type":"article","og_title":"Nuestra Historia &ndash; Marejada Pol\u00edtica","og_description":"\u00bfQui\u00e9nes somos? Somos un rotativo que nace y se forma con la experiencia vivida en otros medios de comunicaci\u00f3n como Exc\u00e9lsior, Heraldo de M\u00e9xico, Novedades; ah\u00ed nos toc\u00f3 ser copart\u00edcipes en la redacci\u00f3n de notas, cuando todav\u00eda se enviaba la informaci\u00f3n por fax o se dictaba por tel\u00e9fono con una llamada por cobrar con operadora [&hellip;]","og_url":"https:\/\/marejadapolitica.com\/index.php\/nuestra-historia\/","og_site_name":"Marejada Pol\u00edtica","article_publisher":"https:\/\/www.facebook.com\/marejadapolitica\/","article_modified_time":"2019-02-04T23:02:50+00:00","twitter_card":"summary_large_image","twitter_site":"@marejadapolitic","twitter_misc":{"Tiempo de lectura":"1 minuto"},"schema":{"@context":"https:\/\/schema.org","@graph":[{"@type":"WebPage","@id":"https:\/\/marejadapolitica.com\/index.php\/nuestra-historia\/","url":"https:\/\/marejadapolitica.com\/index.php\/nuestra-historia\/","name":"Nuestra Historia &ndash; Marejada Pol\u00edtica","isPartOf":{"@id":"https:\/\/marejadapolitica.com\/#website"},"datePublished":"2019-02-04T23:02:49+00:00","dateModified":"2019-02-04T23:02:50+00:00","breadcrumb":{"@id":"https:\/\/marejadapolitica.com\/index.php\/nuestra-historia\/#breadcrumb"},"inLanguage":"es-MX","potentialAction":[{"@type":"ReadAction","target":["https:\/\/marejadapolitica.com\/index.php\/nuestra-historia\/"]}]},{"@type":"BreadcrumbList","@id":"https:\/\/marejadapolitica.com\/index.php\/nuestra-historia\/#breadcrumb","itemListElement":[{"@type":"ListItem","position":1,"name":"Inicio","item":"https:\/\/marejadapolitica.com\/"},{"@type":"ListItem","position":2,"name":"Nuestra Historia"}]},{"@type":"WebSite","@id":"https:\/\/marejadapolitica.com\/#website","url":"https:\/\/marejadapolitica.com\/","name":"Marejada Pol\u00edtica","description":"El Cuarto Poder en Manos del Pueblo...","publisher":{"@id":"https:\/\/marejadapolitica.com\/#organization"},"potentialAction":[{"@type":"SearchAction","target":{"@type":"EntryPoint","urlTemplate":"https:\/\/marejadapolitica.com\/?s={search_term_string}"},"query-input":"required name=search_term_string"}],"inLanguage":"es-MX"},{"@type":"Organization","@id":"https:\/\/marejadapolitica.com\/#organization","name":"Marejada Pol\u00edtica","url":"https:\/\/marejadapolitica.com\/","logo":{"@type":"ImageObject","inLanguage":"es-MX","@id":"https:\/\/marejadapolitica.com\/#\/schema\/logo\/image\/","url":"https:\/\/marejadapolitica.com\/wp-content\/uploads\/2019\/02\/logo_web-1.png","contentUrl":"https:\/\/marejadapolitica.com\/wp-content\/uploads\/2019\/02\/logo_web-1.png","width":380,"height":149,"caption":"Marejada Pol\u00edtica"},"image":{"@id":"https:\/\/marejadapolitica.com\/#\/schema\/logo\/image\/"},"sameAs":["https:\/\/www.facebook.com\/marejadapolitica\/","https:\/\/twitter.com\/marejadapolitic","https:\/\/www.instagram.com\/marejadapolitica\/"]}]}},"_links":{"self":[{"href":"https:\/\/marejadapolitica.com\/index.php\/wp-json\/wp\/v2\/pages\/52"}],"collection":[{"href":"https:\/\/marejadapolitica.com\/index.php\/wp-json\/wp\/v2\/pages"}],"about":[{"href":"https:\/\/marejadapolitica.com\/index.php\/wp-json\/wp\/v2\/types\/page"}],"author":[{"embeddable":true,"href":"https:\/\/marejadapolitica.com\/index.php\/wp-json\/wp\/v2\/users\/5"}],"replies":[{"embeddable":true,"href":"https:\/\/marejadapolitica.com\/index.php\/wp-json\/wp\/v2\/comments?post=52"}],"version-history":[{"count":1,"href":"https:\/\/marejadapolitica.com\/index.php\/wp-json\/wp\/v2\/pages\/52\/revisions"}],"predecessor-version":[{"id":53,"href":"https:\/\/marejadapolitica.com\/index.php\/wp-json\/wp\/v2\/pages\/52\/revisions\/53"}],"wp:attachment":[{"href":"https:\/\/marejadapolitica.com\/index.php\/wp-json\/wp\/v2\/media?parent=52"}],"curies":[{"name":"wp","href":"https:\/\/api.w.org\/{rel}","templated":true}]}}